{"id":559,"date":"2026-04-06T21:09:22","date_gmt":"2026-04-06T19:09:22","guid":{"rendered":"https:\/\/dcgroup.il.pw.edu.pl\/?page_id=559"},"modified":"2026-04-07T00:07:48","modified_gmt":"2026-04-06T22:07:48","slug":"o-nas-2","status":"publish","type":"page","link":"https:\/\/dcgroup.il.pw.edu.pl\/?page_id=559","title":{"rendered":"O nas"},"content":{"rendered":"\t\t<div data-elementor-type=\"wp-page\" data-elementor-id=\"559\" class=\"elementor elementor-559\">\n\t\t\t\t<div class=\"elementor-element elementor-element-522b4e3 e-flex e-con-boxed e-con e-parent\" data-id=\"522b4e3\" data-element_type=\"container\" data-e-type=\"container\">\n\t\t\t\t\t<div class=\"e-con-inner\">\n\t\t\t\t<div class=\"elementor-element elementor-element-37d303c elementor-widget elementor-widget-heading\" data-id=\"37d303c\" data-element_type=\"widget\" data-e-type=\"widget\" data-widget_type=\"heading.default\">\n\t\t\t\t<div class=\"elementor-widget-container\">\n\t\t\t\t\t<h2 class=\"elementor-heading-title elementor-size-default\">O nas<\/h2>\t\t\t\t<\/div>\n\t\t\t\t<\/div>\n\t\t\t\t\t<\/div>\n\t\t\t\t<\/div>\n\t\t<div class=\"elementor-element elementor-element-e3627c6 e-flex e-con-boxed e-con e-parent\" data-id=\"e3627c6\" data-element_type=\"container\" data-e-type=\"container\" data-settings=\"{&quot;background_background&quot;:&quot;classic&quot;,&quot;shape_divider_bottom&quot;:&quot;opacity-tilt&quot;}\">\n\t\t\t\t\t<div class=\"e-con-inner\">\n\t\t\t\t<div class=\"elementor-shape elementor-shape-bottom\" aria-hidden=\"true\" data-negative=\"false\">\n\t\t\t<svg xmlns=\"http:\/\/www.w3.org\/2000\/svg\" viewBox=\"0 0 2600 131.1\" preserveAspectRatio=\"none\">\n\t<path class=\"elementor-shape-fill\" d=\"M0 0L2600 0 2600 69.1 0 0z\"\/>\n\t<path class=\"elementor-shape-fill\" style=\"opacity:0.5\" d=\"M0 0L2600 0 2600 69.1 0 69.1z\"\/>\n\t<path class=\"elementor-shape-fill\" style=\"opacity:0.25\" d=\"M2600 0L0 0 0 130.1 2600 69.1z\"\/>\n<\/svg>\t\t<\/div>\n\t\t<div class=\"elementor-element elementor-element-fde8387 e-con-full e-flex e-con e-child\" data-id=\"fde8387\" data-element_type=\"container\" data-e-type=\"container\">\n\t\t\t\t<div class=\"elementor-element elementor-element-92359e8 elementor-widget elementor-widget-image\" data-id=\"92359e8\" data-element_type=\"widget\" data-e-type=\"widget\" data-widget_type=\"image.default\">\n\t\t\t\t<div class=\"elementor-widget-container\">\n\t\t\t\t\t\t\t\t\t\t\t\t\t\t\t<img fetchpriority=\"high\" decoding=\"async\" width=\"1024\" height=\"768\" src=\"https:\/\/dcgroup.il.pw.edu.pl\/wp-content\/uploads\/2026\/04\/3-1024x768.jpg\" class=\"attachment-large size-large wp-image-571\" alt=\"\" srcset=\"https:\/\/dcgroup.il.pw.edu.pl\/wp-content\/uploads\/2026\/04\/3-1024x768.jpg 1024w, https:\/\/dcgroup.il.pw.edu.pl\/wp-content\/uploads\/2026\/04\/3-300x225.jpg 300w, https:\/\/dcgroup.il.pw.edu.pl\/wp-content\/uploads\/2026\/04\/3-768x576.jpg 768w, https:\/\/dcgroup.il.pw.edu.pl\/wp-content\/uploads\/2026\/04\/3-1536x1152.jpg 1536w, https:\/\/dcgroup.il.pw.edu.pl\/wp-content\/uploads\/2026\/04\/3.jpg 2048w\" sizes=\"(max-width: 1024px) 100vw, 1024px\" \/>\t\t\t\t\t\t\t\t\t\t\t\t\t\t\t<\/div>\n\t\t\t\t<\/div>\n\t\t\t\t<\/div>\n\t\t<div class=\"elementor-element elementor-element-99c6d13 e-con-full e-flex e-con e-child\" data-id=\"99c6d13\" data-element_type=\"container\" data-e-type=\"container\">\n\t\t\t\t<div class=\"elementor-element elementor-element-7158ea1 elementor-widget elementor-widget-text-editor\" data-id=\"7158ea1\" data-element_type=\"widget\" data-e-type=\"widget\" data-widget_type=\"text-editor.default\">\n\t\t\t\t<div class=\"elementor-widget-container\">\n\t\t\t\t\t\t\t\t\t<p>Jeste\u015bmy studentami Wydzia\u0142u In\u017cynierii L\u0105dowej Politechniki Warszawskiej, skoncentrowanymi na rozwijaniu kompetencji w obszarze nowoczesnego projektowania komputerowego. W naszej dzia\u0142alno\u015bci stawiamy na praktyczne wykorzystanie najnowszych technologii, kt\u00f3re pozwalaj\u0105 nam poszerza\u0107 wiedz\u0119, zdobywa\u0107 cenne do\u015bwiadczenie oraz rozwija\u0107 umiej\u0119tno\u015bci odpowiadaj\u0105ce aktualnym standardom bran\u017cy.<\/p><p>Aktywnie anga\u017cujemy si\u0119 w inicjatywy edukacyjne \u2013 organizujemy prezentacje, wyk\u0142ady oraz szkolenia, a kolejne wydarzenia s\u0105 ju\u017c w przygotowaniu. Naszym celem jest nie tylko ci\u0105g\u0142y rozw\u00f3j, ale tak\u017ce budowanie solidnych podstaw do przysz\u0142ej wsp\u00f3\u0142pracy z czo\u0142owymi firmami sektora budowlanego oraz udzia\u0142u w presti\u017cowych konkursach zwi\u0105zanych z projektowaniem cyfrowym.<\/p><p>Opiek\u0119 merytoryczn\u0105 nad nasz\u0105 dzia\u0142alno\u015bci\u0105 sprawuj\u0105 dr in\u017c. Kostiantyn Protchenko oraz prof. dr hab. in\u017c. Andrzej Garbacz.<\/p>\t\t\t\t\t\t\t\t<\/div>\n\t\t\t\t<\/div>\n\t\t\t\t<\/div>\n\t\t\t\t\t<\/div>\n\t\t\t\t<\/div>\n\t\t\t\t<\/div>\n\t\t","protected":false},"excerpt":{"rendered":"<p>O nas Jeste\u015bmy studentami Wydzia\u0142u In\u017cynierii L\u0105dowej Politechniki Warszawskiej, skoncentrowanymi na rozwijaniu kompetencji w obszarze nowoczesnego projektowania komputerowego. W naszej dzia\u0142alno\u015bci stawiamy na praktyczne wykorzystanie najnowszych technologii, kt\u00f3re pozwalaj\u0105 nam poszerza\u0107 wiedz\u0119, zdobywa\u0107 cenne do\u015bwiadczenie oraz rozwija\u0107 umiej\u0119tno\u015bci odpowiadaj\u0105ce aktualnym standardom bran\u017cy. Aktywnie anga\u017cujemy si\u0119 w inicjatywy edukacyjne \u2013 organizujemy prezentacje, wyk\u0142ady oraz szkolenia, a [&hellip;]<\/p>\n","protected":false},"author":4,"featured_media":0,"parent":0,"menu_order":0,"comment_status":"closed","ping_status":"closed","template":"","meta":{"ocean_post_layout":"full-screen","ocean_both_sidebars_style":"","ocean_both_sidebars_content_width":0,"ocean_both_sidebars_sidebars_width":0,"ocean_sidebar":"0","ocean_second_sidebar":"0","ocean_disable_margins":"enable","ocean_add_body_class":"","ocean_shortcode_before_top_bar":"","ocean_shortcode_after_top_bar":"","ocean_shortcode_before_header":"","ocean_shortcode_after_header":"","ocean_has_shortcode":"","ocean_shortcode_after_title":"","ocean_shortcode_before_footer_widgets":"","ocean_shortcode_after_footer_widgets":"","ocean_shortcode_before_footer_bottom":"","ocean_shortcode_after_footer_bottom":"","ocean_display_top_bar":"off","ocean_display_header":"default","ocean_header_style":"","ocean_center_header_left_menu":"0","ocean_custom_header_template":"0","ocean_custom_logo":0,"ocean_custom_retina_logo":0,"ocean_custom_logo_max_width":0,"ocean_custom_logo_tablet_max_width":0,"ocean_custom_logo_mobile_max_width":0,"ocean_custom_logo_max_height":0,"ocean_custom_logo_tablet_max_height":0,"ocean_custom_logo_mobile_max_height":0,"ocean_header_custom_menu":"0","ocean_menu_typo_font_family":"0","ocean_menu_typo_font_subset":"","ocean_menu_typo_font_size":0,"ocean_menu_typo_font_size_tablet":0,"ocean_menu_typo_font_size_mobile":0,"ocean_menu_typo_font_size_unit":"px","ocean_menu_typo_font_weight":"","ocean_menu_typo_font_weight_tablet":"","ocean_menu_typo_font_weight_mobile":"","ocean_menu_typo_transform":"","ocean_menu_typo_transform_tablet":"","ocean_menu_typo_transform_mobile":"","ocean_menu_typo_line_height":0,"ocean_menu_typo_line_height_tablet":0,"ocean_menu_typo_line_height_mobile":0,"ocean_menu_typo_line_height_unit":"","ocean_menu_typo_spacing":0,"ocean_menu_typo_spacing_tablet":0,"ocean_menu_typo_spacing_mobile":0,"ocean_menu_typo_spacing_unit":"","ocean_menu_link_color":"","ocean_menu_link_color_hover":"","ocean_menu_link_color_active":"","ocean_menu_link_background":"","ocean_menu_link_hover_background":"","ocean_menu_link_active_background":"","ocean_menu_social_links_bg":"","ocean_menu_social_hover_links_bg":"","ocean_menu_social_links_color":"","ocean_menu_social_hover_links_color":"","ocean_disable_title":"on","ocean_disable_heading":"default","ocean_post_title":"","ocean_post_subheading":"","ocean_post_title_style":"","ocean_post_title_background_color":"","ocean_post_title_background":0,"ocean_post_title_bg_image_position":"","ocean_post_title_bg_image_attachment":"","ocean_post_title_bg_image_repeat":"","ocean_post_title_bg_image_size":"","ocean_post_title_height":0,"ocean_post_title_bg_overlay":0.5,"ocean_post_title_bg_overlay_color":"","ocean_disable_breadcrumbs":"default","ocean_breadcrumbs_color":"","ocean_breadcrumbs_separator_color":"","ocean_breadcrumbs_links_color":"","ocean_breadcrumbs_links_hover_color":"","ocean_display_footer_widgets":"off","ocean_display_footer_bottom":"off","ocean_custom_footer_template":"0","footnotes":""},"class_list":["post-559","page","type-page","status-publish","hentry","entry"],"_links":{"self":[{"href":"https:\/\/dcgroup.il.pw.edu.pl\/index.php?rest_route=\/wp\/v2\/pages\/559","targetHints":{"allow":["GET"]}}],"collection":[{"href":"https:\/\/dcgroup.il.pw.edu.pl\/index.php?rest_route=\/wp\/v2\/pages"}],"about":[{"href":"https:\/\/dcgroup.il.pw.edu.pl\/index.php?rest_route=\/wp\/v2\/types\/page"}],"author":[{"embeddable":true,"href":"https:\/\/dcgroup.il.pw.edu.pl\/index.php?rest_route=\/wp\/v2\/users\/4"}],"replies":[{"embeddable":true,"href":"https:\/\/dcgroup.il.pw.edu.pl\/index.php?rest_route=%2Fwp%2Fv2%2Fcomments&post=559"}],"version-history":[{"count":14,"href":"https:\/\/dcgroup.il.pw.edu.pl\/index.php?rest_route=\/wp\/v2\/pages\/559\/revisions"}],"predecessor-version":[{"id":589,"href":"https:\/\/dcgroup.il.pw.edu.pl\/index.php?rest_route=\/wp\/v2\/pages\/559\/revisions\/589"}],"wp:attachment":[{"href":"https:\/\/dcgroup.il.pw.edu.pl\/index.php?rest_route=%2Fwp%2Fv2%2Fmedia&parent=559"}],"curies":[{"name":"wp","href":"https:\/\/api.w.org\/{rel}","templated":true}]}}